 + 5)?
2
Suppose 0 = -5*h - 736*u + 735*u + 58806, 0 = 3*h - u - 35290. What is the tens digit of h?
6
What is the thousands digit of 2340 - ((-108)/(-9) + -9)?
2
Suppose 205*u - 149750 = 180*u. What is the units digit of u?
0
Suppose -98*f - 35*f = -707967 - 1824486. What is the thousands digit of f?
9
Let q be ((-42)/(-18))/((-2)/(-6)). Let c(h) = -h**3 + 8*h**2 - 8*h + 8. Let o be c(q). What is the units digit of 62/(-31) + (o - -209)?
8
Suppose 149*m + 273*m - 3938526 = 0. What is the hundreds digit of m?
3
Suppose -m + 1393 = -2*c - 2301, 3718 = m + 4*c. What is the hundreds digit of m?
7
Suppose -3*u + 13*u = -10*u + 867560. What is the hundreds digit of u?
3
Suppose 0*y + 420 = 4*y - 3*k, -210 = -2*y + 5*k. What is the tens digit of (-450)/y*(-35)/3?
5
Let h(x) = -10*x**3 + 9*x**2 - 128*x - 1353. What is the hundreds digit of h(-17)?
5
Let w = 32000 - 18261. What is the hundreds digit of w?
7
Suppose 213253 + 3343727 = 135*n. What is the units digit of n?
8
What is the tens digit of (-7656)/(-10)*(189/81 - (-26)/6)?
0
Suppose 7*b - 41 = -27. Suppose -b*m = -5*r - 1459, -2*m + 2172 = m - 2*r. What is the units digit of m?
2
Let n = -1326 + 2612. What is the thousands digit of n?
1
Let h(t) = 5*t**3 - 4*t**2 - 8*t + 22. Let j be h(4). Let p = j - 24. What is the units digit of p?
2
Suppose 2*m - 4*f = 11748, -10*f = -3*m - 7*f + 17628. What is the units digit of m?
8
What is the units digit of (-3 + (1 - -15))*477 - (36 + -33)?
8
Suppose -52 = -2*h - 4*l, 5*h + 5*l - l - 160 = 0. Let k be (120/h)/((-2)/21). What is the units digit of (14/k)/(4/(-10))?
1
Suppose -51 - 21 = -3*y. Let z be (-22)/((2/y)/(-1)). Suppose z = c + 7*c. What is the units digit of c?
3
Suppose 13 = -0*w - 2*w + 3*p, 23 = 3*w + 4*p. Let o be 253/33 + (w - (-2)/(-3)). Let q = o - 7. What is the units digit of q?
1
Let b = 6780 + -2474. What is the units digit of b?
6
Let d be 10/35 - 1510/(-7). Suppose -4*v + 4*m + d = 0, -5*v - 4*m + 279 = -27. Suppose v = u + c, -c + 26 = 4*u - 203. What is the units digit of u?
7
What is the hundreds digit of (-799476)/(-14) - 6050/4235?
1
Suppose -20 = 2*p + 4*u, 4*p + 2*u + 0*u = -16. Let i be (p/(-2))/((-5)/(-10)). Suppose -9*a + i*a = -168. What is the units digit of a?
4
Suppose 27*f - 68585 = 37876. What is the tens digit of f?
4
Let x(w) = -2*w**2 - 19*w - 3. Suppose -27*v + 26*v = 8. Let f be x(v). Suppose 4*i - 16 = -4*o, -3*i + 3*o = -3 - f. What is the units digit of i?
6
Let f(m) = -101*m + 127. Let k be f(-23). Suppose 0 = -2*x - v + 1197, 53 = -4*x - 3*v + k. What is the units digit of x?
7
Let b(m) = 7*m**2 - 19 + 16*m + 52 - m**3 - 9. Let d be b(8). Let p = -1 + d. What is the units digit of p?
7
Let r(i) = -3633*i + 5697. What is the tens digit of r(-8)?
6
Suppose -2 = -8*z - 18. Let x(u) = 3*u**3 - u**2 - 9*u - 5. Let a(v) = -v**3 + v + 1. Let l(w) = z*a(w) - x(w). What is the units digit of l(-5)?
8
Suppose 7*r - 34 = 1. Suppose r*m = -9*m - 336. What is the tens digit of -2*9/m + 554/8?
7
Let c = 52 + -47. Suppose -j = -c*f - 182, -3*f + 2*f = 4*j - 791. Let p = j + -88. What is the tens digit of p?
0
Suppose -10*w + 127048 = -88532 - 22860. What is the hundreds digit of w?
8
Suppose 6 = i, 2*x - 3*i - 71716 = 55504. What is the units digit of x?
9
Suppose 3*y = 2*v - 18, 0 = -2*v + v - 5*y - 17. What is the units digit of (25/v)/((-1)/(-9))?
5
Let z(q) = 108*q**2 + 11*q + 5. Let k be z(-4). Let h = k + -833. What is the tens digit of h?
5
Suppose 105*t + 5523769 = 316*t. What is the hundreds digit of t?
1
Suppose -f + 2 + 0 = 0. Let k(l) = -35 - 2*l - f*l + 18. What is the units digit of k(-18)?
5
What is the tens digit of (-71526)/9*(-9)/6?
2
Let y(d) = -d - 42. Let p be y(27). Let u = -26 - p. What is the tens digit of u?
4
Let b = 321 + -324. Let i(v) = -88*v - 2 + 5*v + 2 - 4. What is the units digit of i(b)?
5
Let p(a) = 11*a + 18. Let c(z) = -11*z - 17. Let i(q) = -6*c(q) - 7*p(q). Suppose 0 = -3*j + 3, 3*v - 2*j = 2*v - 7. What is the units digit of i(v)?
1
Let x(w) = 606*w + 4509. What is the thousands digit of x(50)?
4
Suppose -210320 = -34*m + 246878. What is the units digit of m?
7
Let q(h) = -2*h**2 - 7*h + 7. Let v be q(-4). Suppose 231 = v*m - 72. Let d = 163 - m. What is the tens digit of d?
6
Let l(h) = -1106*h + 27. Let w be l(-1). Let z = -310 + w. What is the tens digit of z?
2
Let n = -57 + 55. What is the tens digit of -4*(-848 - -7)*n/(-8)?
4
Suppose -38*p + 114266 = -7*p. Let f = -2524 + p. What is the units digit of f?
2
Suppose 0 = x + 3*j + 6, 19*j + 2 = -x + 20*j. What is the hundreds digit of 54/21 + x + 4070/7?
5
Let z(n) = -2*n**2 + 58*n - 342. Let p(h) = 2*h**2 - 29*h + 171. Let m(j) = 5*p(j) + 3*z(j). What is the units digit of m(15)?
4
Let b be (-9)/(-6)*24/9. Suppose n - 3 = 5*k - 24, -b*n - 8 = -k. Suppose -4*v + 6*v - k*p - 48 = 0, -5*v + 68 = 3*p. What is the tens digit of v?
1
Suppose 41*g = 32*g + 6894. Let a = g + 531. What is the units digit of a?
7
Let o = 7718 - -4564. What is the units digit of o?
2
Let z(y) = y - 1. Let m be z(3). Suppose 0 = 4*s + 4*k - 44, 0 = m*s + 5*k - 6 - 7. Let j(g) = g**2 - 14*g + 40. What is the tens digit of j(s)?
4
Suppose 0 = -110*a + 1188163 + 809217. What is the thousands digit of a?
8
Let y(l) = 3*l**3 + l**2 - 5*l + 17. Let k be y(7). Suppose -5*u - 2*h = -0*u - k, -u + h + 212 = 0. Suppose -u = -0*x - 2*x. What is the units digit of x?
6
Let m = -295 - -295. Suppose t + 9*t - 1410 = m. What is the hundreds digit of t?
1
Let a be 52/650 + (-96)/(-50). Suppose 4*j = -y + 2834, j + a*y + 704 = 2*j. What is the units digit of j?
8
Let j(y) be the third derivative of 16*y**2 - 1/120*y**6 - 1/24*y**4 + 0 - 2/15*y**5 + 5/6*y**3 + 0*y. What is the tens digit of j(-8)?
1
Let u(m) = 4*m + 60. Suppose 0*b - 3*b = 42. Let o be u(b). Suppose -o*z + 5*n + 409 = -0*n, 3*n - 98 = -z. What is the tens digit of z?
0
Let b = 11267 + 50684. What is the hundreds digit of b?
9
Suppose 5*o - 4*o - 2*o = -6576. What is the units digit of o?
6
Let s(m) = 0*m + 6*m**2 - 16*m**3 + 0*m + 7*m + 6 + 17*m**3. What is the tens digit of s(-4)?
1
Let a(m) = -4958*m + 6. What is the tens digit of a(-1)?
6
What is the tens digit of (-1 + -41)/((-6370)/(-640) + -10)?
9
Let v be 8 + (-5 - -3) - -8. Suppose -v*k - 2273 + 8769 = 0. What is the hundreds digit of k?
4
Suppose -274*a + 3529260 = -23*a + 64*a. What is the ten thousands digit of a?
1
Suppose -32*m + 707978 - 241983 + 620693 = 0. What is the ten thousands digit of m?
3
Suppose 17386 = 4*i + 2*u, 2*i - 16*u + 13*u - 8697 = 0. What is the tens digit of i?
4
Suppose 925 = o - 2453. Let v = -2258 + o. What is the units digit of v/21 - (-4)/6?
4
Let l = -30 - -21. Suppose 0 = -w + 56 - 28. Let s = l + w. What is the tens digit of s?
1
Suppose -29*d + 35466 = -23*d. Suppose d = 11*c - 5309. What is the hundreds digit of c?
0
Let t(c) = c**2 + 5*c - 15. Let l(b) = b**2 + 6*b - 15. Let v(f) = 9*f - 4. Let y be v(1). Let k(p) = y*t(p) - 4*l(p). What is the units digit of k(-9)?
7
What is the tens digit of 1910/3*6468/245 - -10?
1
Let y(i) = i**3 - 12*i**2 - 13*i + 11. Let g be y(14). Suppose -134 - 373 = 5*f + 4*d, -402 = 4*f + 5*d. Let u = g + f. What is the tens digit of u?
1
Let g(l) = -628*l - 87. Let y be g(-9). Suppose 0 = -3*w + 4*q + 3325, 4*w - 2*q = -w + y. What is the thousands digit of w?
1
Suppose 24 = 4*x + 4. Let y(c) = 2*c + 74. Let w be y(-37). Suppose w*o + 5*o = -5*a + 440, -x*o + 468 = -2*a. What is the units digit of o?
2
Let k = 48556 + -10394. What is the hundreds digit of k?
1
Suppose 8*k = 768 + 45376. What is the hundreds digit of k?
7
Let w = 4826 + 2185. What is the hundreds digit of w?
0
Suppose -25*s - 9*s = 0. Suppose -m + 641 = v, s = 5*m + v - 673 - 2520. What is the hundreds digit of m?
6
Let f(u) = -54 + 19 + 53*u - 97*u + 53*u. What is the units digit of f(8)?
7
Suppose -4*o - 310 = 102. Let j = 198 - o. What is the units digit of j?
1
Suppose -3*p - 4*k = -31, 0 = -3*p - k + 49 - 12. Suppose 4964 = p*s - 16720. What is the thousands digit of s?
1
Let w = -3320 - -5592. What is the thousands digit of w?
2
Let m(q) = 11*q - 65. Suppose 4*a + o - 85 = -17, 3*a - 2*o - 40 = 0. What is the units digit of m(a)?
1
Let w = -5669 + 9610. What is the hundreds digit of w?
9
Let h(k) = -6*k 